. What is the tens digit of o?
4
Let w = 73 - -196. Suppose 5*s = 2*b - 4*b + 590, b = 4*s + w. What is the tens digit of b?
8
Let b(n) be the second derivative of n**3/6 + 21*n**2 + 2*n. Suppose 0 = -5*y - 0*y. What is the units digit of b(y)?
2
Let p(t) = -t**3 + 37*t**2 + 213*t - 72. What is the units digit of p(42)?
4
Suppose -m = -0*m. Let x = -20 - -22. Suppose -8 + m = -x*a. What is the units digit of a?
4
Suppose 3*b = -275 + 23. Let s = b + 135. What is the tens digit of s?
5
Suppose 5*c + 48 = c. Let y = 37 + -18. Let q = y + c. What is the units digit of q?
7
Let d(q) = 139 - 213*q**3 - 139 - 2*q**2 - 2*q + q. What is the tens digit of d(-1)?
1
Let t = -35 + 39. Suppose -5*x + t*b + 379 = 3*b, 2*b - 78 = -x. What is the units digit of x?
6
Let c(y) = -2*y**3 + y - 1. Let f be c(-2). Suppose -9*d - 16 = -f*d. Suppose 5*t - 3*m - 32 = 107, 3*m - 95 = -d*t. What is the units digit of t?
6
Suppose m + 335 + 267 = -5*o, 0 = 3*m - 9. Let f = o - -211. What is the tens digit of f?
9
Let j = -95 + 7. Let f(p) = p**3 + p - 49. Let t be f(0). Let a = t - j. What is the tens digit of a?
3
Let h(x) = 7*x + 12. Let j be h(5). What is the units digit of j + (2 - 3) + 2/(-2)?
5
Let q(n) = 35*n - 82. Let j = -49 + 55. What is the hundreds digit of q(j)?
1
Let l(f) = -f + 3. Let j be l(9). Let h(n) = 3*n**2 + 10*n + 13. Let d be h(j). Let x = -17 + d. What is the units digit of x?
4
Suppose -4*v - 2*d = d - 38, -3*v + 37 = -2*d. Let a = v - 15. What is the units digit of -1 + (-2 - 8*a)?
9
Let i = -1282 - -1831. What is the hundreds digit of i?
5
Let s = -26 - -35. Let o = 42 + s. What is the units digit of o?
1
Suppose -26616 = -28*v - 5448. What is the units digit of v?
6
Let w be 1002/24 + 2/8. Suppose 0 = -i - 5*r + 284 + w, -5*i = 3*r - 1564. What is the units digit of i?
1
Let z = 25 + -49. What is the tens digit of 8/2 - (-40)/(-16)*z?
6
Let n be (-4 + -194)*(2 + (-20)/(-3)). What is the tens digit of n/(-26) + 1/(-2)*0?
6
Let i = 341 + -68. What is the tens digit of i?
7
Suppose -40 = 5*p - 3*p. Let y = p - -25. Suppose y*m - 120 = 55. What is the units digit of m?
5
Suppose -5*s + 49126 = 24*s. What is the units digit of s?
4
Let h = -109 + 255. What is the units digit of h?
6
Suppose 0 = -52*f + 60*f - 2056. What is the units digit of f?
7
What is the tens digit of 386 + (-10)/3*(-63)/(-42)?
8
Suppose 4*f - 2*r = 24 + 4, 4*r = -f - 11. Let d(i) = 2*i + i - 3 + i**3 - f*i**2 + 3*i. What is the tens digit of d(5)?
2
Let b be (-1)/(-4) - 230/(-40). Let i be (-8 + b)/((-4)/302). Suppose 5*x = -2*v + 73, -x + i = 4*v + 50. What is the units digit of v?
4
Let a = -25 - -7. Let x = a - -51. What is the tens digit of x?
3
Suppose 0 = 18*x - 23*x - 20. Let t be (-1)/(0 - 2/x). Let l(b) = -3*b**3 + b**2 - 2*b + 1. What is the tens digit of l(t)?
3
Suppose 0 = -4*i - 1723 + 11031. What is the units digit of i?
7
Suppose -19372 = -24*u - 5956. What is the hundreds digit of u?
5
Let f(k) = 11*k + 1. Let j be f(6). Suppose -j = 5*d - 17. Let r = -4 - d. What is the units digit of r?
6
Let b = -68 + 71. Suppose -97 - 220 = -b*x - 5*a, -a + 216 = 2*x. What is the units digit of x?
9
Let z = -430 + 674. What is the tens digit of z?
4
Suppose -3*g = 3*c - 14625, 6*g = 5*g + 4*c + 4875. What is the hundreds digit of g?
8
Suppose -2*b = -5*z - 156, -4*z - 4*b - 114 = -2*b. Let n = z + 136. What is the hundreds digit of n?
1
Let q(s) be the second derivative of s**5/10 - s**4/12 + s**2 + 8*s. Let f be q(2). Suppose 3*j - 2*j - f = 0. What is the tens digit of j?
1
Let m = -7651 + 13792. What is the tens digit of m?
4
Suppose -9481 = -27*a + 2102. What is the hundreds digit of a?
4
Suppose 4*d = 2*l - 1800, 16*l - 18*l - 4*d = -1760. What is the tens digit of l?
9
Let g = -1265 + 2172. What is the units digit of g?
7
What is the hundreds digit of (-1)/(13/(-162370)*5)?
4
Let h = 36 - 27. Suppose -2060 = -h*i - i. What is the tens digit of i?
0
Suppose 0 = 9*d - 1211 - 5359. What is the tens digit of d?
3
Suppose 3*f = -2*f + v - 507, 2*f + 5*v + 192 = 0. Let y = 151 + f. What is the tens digit of y?
5
Let x = 89 + -44. Let p be 2/(-9) - (-2890)/x. Let s = -31 + p. What is the units digit of s?
3
Let a = 4544 + -2334. What is the hundreds digit of a?
2
Suppose 3 = 2*q - 1. Let g be 0 + -3*(-14)/6. Let x = g + q. What is the units digit of x?
9
Suppose 0 = -f - 0*f - 19. Let n be (-72)/3 - 1*3. Let w = f - n. What is the units digit of w?
8
Let w = -766 - -2604. What is the hundreds digit of w?
8
Suppose -26*c + 26136 = 7*c. What is the units digit of c?
2
Let m(a) = a**3 - 4*a**2 - 8*a + 2. Let z = -5 - -12. Let v be m(z). Let d = -54 + v. What is the tens digit of d?
3
Suppose 0 = 593*g - 586*g - 6244. What is the tens digit of g?
9
Let y = 24 - 22. Suppose -9 = -y*q - q. Suppose -2*m = -a - 3*a + 50, 0 = -q*a - 4*m + 10. What is the tens digit of a?
1
Let w = -353 + 890. What is the units digit of w?
7
Let f be 3*(0 + -1)/((-12)/(-16)). What is the units digit of (1 - 179)*2/f?
9
Suppose 10*g - 5*g + 90 = 0. Let k = -15 - g. Suppose 0 = -d - 2*b, -2*b - k*b = -2*d + 36. What is the units digit of d?
8
Let l = 4095 - 1286. What is the hundreds digit of l?
8
Let b = -7 - -1217. What is the thousands digit of b?
1
Suppose -19 + 27 = 4*i. Suppose -15 = 5*k, 5*m - 554 = -i*k - 0*k. What is the hundreds digit of m?
1
What is the hundreds digit of 4/26 + (-27440)/(-104)?
2
Suppose -2071 = -3*o - 2*v, -5*o + 9*o + v - 2763 = 0. What is the hundreds digit of o?
6
Suppose -4*v + 260 = -9*v. Let q be (-8)/10*(-325)/(-10). Let x = q - v. What is the units digit of x?
6
Let w(o) = 3*o + 2. Let a be w(-2). What is the units digit of 0/a + -5 - -123?
8
Suppose -600 = -12*n + 9*n. Let o = n + -57. What is the tens digit of o?
4
Suppose 11 = 9*k - 16. Let g(y) = 3*y**3 + y**2 + y + 6. What is the units digit of g(k)?
9
Let t(r) = 2*r**2 - 13*r + 3. Let o be t(7). What is the units digit of ((25/o)/(-5))/(2/(-8))?
2
Suppose 2*t - 77 = -0*h + h, -5*t + 3*h = -195. Suppose -v = 5*g - 22 - 2, t = 4*v + 5*g. Suppose v*p - 118 = 82. What is the tens digit of p?
5
Suppose 2*b = b - 5*a + 15, -3*b + 23 = 4*a. What is the units digit of (-54)/(-2) - (b + -4)?
6
Let t(o) be the third derivative of -o**6/120 + o**5/5 + 5*o**4/8 - 4*o**3/3 + 4*o**2. Let l be t(13). Let n = 21 - l. What is the units digit of n?
3
Suppose 2*c - 2*h = 1890, 132 - 1073 = -c + 2*h. What is the tens digit of c?
4
Let c = 439 + 91. What is the hundreds digit of c?
5
Suppose 2*x = 4, 0 = -2*v + 3*v - x - 2217. What is the units digit of v?
9
Let f(t) = 2*t + 24. Let u be f(-10). Suppose 5*r + 280 = 3*c, -u*r = 4*c + c - 516. What is the units digit of c?
0
Suppose 8*q + 3*i + 16393 = 13*q, 2*i = -4*q + 13132. What is the hundreds digit of q?
2
Let y(t) = -t**2 - 9*t - 20. Let d be y(-6). Let l be 896/12 - d/6. What is the tens digit of -3 + l + -3 + 4?
7
Let z = 113 - 71. What is the units digit of z?
2
Let w = 52 + -55. What is the units digit of (53*(1 - (w - -6)))/(-2)?
3
Let h = -18 + 20. Let q be (38 - h)/(2/26). What is the tens digit of q/24*4/6?
1
Let h = 22 + -13. Let c be 3/h - 21/9. What is the tens digit of ((-170)/119)/(c/14)?
1
Suppose m = 2*t - 0*t - 4, -5*t - 20 = 0. What is the tens digit of -3 - (m/66 + 2502/(-33))?
7
Suppose 0 = 4*f - 140 - 28. Suppose f = 3*w + 33. What is the units digit of w?
3
What is the tens digit of (30917/(-172))/((-2)/8)?
1
Let m(w) = w + 10. Let n be m(-6). Let s(y) = -y**2 + y**2 - 7 + y + n*y**2 + 0*y**2. What is the units digit of s(-3)?
6
Let r(z) = -3*z - 10. Let j be r(-5). Let v(x) = 6*x**2 - 12*x - 1. What is the units digit of v(j)?
9
Suppose 4*d + 2*f = d + 2, 0 = -4*d - 5*f + 5. Suppose 4*w - 2*x - 8 - 50 = 0, 4*w - 4*x - 48 = d. What is the units digit of w?
7
Let z be 2 - (-2 + 3/3). Let g = z - -2. What is the units digit of (-204)/(-15) + 2/g?
4
Let k = -26 + 24. What is the units digit of 50 + (3 + k)*-2?
8
Suppose -v + 0 + 11 = 0. Suppose 0 = 6*m - v*m + 530. What is the units digit of m?
6
Let g = -60 + 106. Suppose 13*b - 501 + g = 0. What is the units digit of b?
5
Let y = -60 + 122. Suppose -x = 5*z - y, x + 0*x + 16 = z. What is the tens digit of z - (3 - (-2)/(-2))?
1
Suppose -5*p + 18 = 2*g - 4*p, -5*p - 75 = -5*g. Suppose -5*a + 61 = -3*t